f. Suppose 2*v - 14 - f = 2*x, -2*v - 5*x = -67. Calculate the greatest common divisor of v and 224.
7
Let n(b) = -b**2 + 81*b - 88. Let l be n(74). Calculate the highest common divisor of l and 817.
43
Suppose -2*g + 4*s + 26 = 0, 0 = -4*g + 5*s + 21 + 19. Let a(l) = -3*l**2 + 32*l + 10. Let x be a(g). Calculate the highest common divisor of 38 and x.
19
Let q(n) = -2*n**3 + 14*n**2 + 7*n + 2. Let d be 1 + -2*(-25)/10. Let g be q(d). What is the highest common divisor of 174 and g?
58
Let g = -6896 - -6898. Suppose 7 - 1 = 2*x. Let v be -1 - -8 - x - g - -11. Calculate the greatest common factor of v and 234.
13
Let a(z) = -2*z**2 - 43*z + 4. Let n be a(-21). What is the greatest common factor of 70 and n?
5
Suppose 5*i + 4*q - 1369 = 2053, -5*q - 2754 = -4*i. What is the highest common divisor of 126 and i?
14
Suppose -48*y = -44*y - 8. Suppose 62 + 20 = y*p. What is the greatest common factor of 328 and p?
41
Let l be 3/((-6)/(-8))*59/((-236)/(-96)). Calculate the greatest common factor of 4192 and l.
32
Let c(s) = 126*s - 588. Let f be c(5). What is the highest common factor of 3654 and f?
42
Let s(i) = i**2 - 4*i - 7. Let r be s(-2). Suppose -5*x + 0*x + 25 = 0. What is the highest common divisor of x and r?
5
Let o = 706 + -474. Let m = -222 + o. Let y(x) = 21*x**2 - 1. Let h be y(1). Calculate the highest common factor of h and m.
10
Let p = -19506 + 19594. Calculate the greatest common divisor of p and 6996.
44
Let k = 9 - 12. Let c be (1266/(-10))/k - (-2)/(-10). Suppose u + u - c = 0. What is the highest common factor of u and 7?
7
Let b(v) = 12*v**2 - 58. Let j be b(-3). Calculate the highest common divisor of j and 6.
2
Let c be (18/4)/((-7)/(-14)). Let j = -7666 - -7684. Calculate the highest common factor of c and j.
9
Let q be -1*(-2)/(-6)*(0 - 105). Let i be 3 + (-714)/q*-5. Calculate the greatest common divisor of i and 21.
21
Let m be (-1344226)/(-41) - (-1)/((-3)/(-24)) - -6. What is the highest common divisor of 164 and m?
164
Let r(n) = n**3 + 7*n**2 + 2*n. Let w be r(11). Let u = 3123 - w. Suppose -u = -10*i + 477. Calculate the highest common divisor of 56 and i.
28
Let x be 8*(-2)/1 + (-5 - -2). Let u(d) = -d**3 - 19*d**2 - d + 46. Let v be u(x). Calculate the greatest common factor of v and 13.
13
Let d be 170*(-2)/(32/(-40)). Suppose d = -2*m - 5*i + 2305, -2*m + 1884 = 4*i. Calculate the greatest common factor of 38 and m.
38
Suppose -7*x = -117 - 142. What is the highest common factor of 5 and x?
1
Let u(i) = -14*i + 2402. Let x be u(67). What is the highest common factor of 240 and x?
24
Suppose 24*d - 403 = 797. Calculate the greatest common divisor of d and 6550.
50
Let i be (60/16)/(1/((-512)/(-6))). Suppose -56*l - 90 = -65*l. Calculate the highest common divisor of i and l.
10
Suppose -99000 = -243*o - 197*o. What is the highest common divisor of 27 and o?
9
Let w(y) = -y**3 + y**2 - 2*y. Let z be w(0). Suppose u = 1 - z. Let n be 0 + u - (15 + -20). What is the highest common divisor of 15 and n?
3
Suppose -159*d - 18480 = -621*d. Suppose -n + 280 = 4*n. Calculate the greatest common divisor of n and d.
8
Let t(w) = 18*w - 8. Let d(n) = 17*n - 9. Let x(i) = 3*d(i) - 4*t(i). Let l be x(-3). Let j = 100 - l. Calculate the greatest common divisor of 8 and j.
8
Let q be 1/3 + 203/3. Suppose 7*n - 2137 = w, -4*n + 644 = -w - 575. What is the highest common divisor of q and n?
34
Let i(a) = 61*a - 379. Let h be i(7). Suppose 0 = 3*t + 9*t - h. Suppose -2*g + r - 20 = -6*g, 2*r - 16 = -2*g. Calculate the highest common factor of g and t.
4
Suppose -d + 4*f - f + 15 = 0, -12 = 3*f. Suppose d*h - 6 = -0. Let m be 4*h/32 - (-33)/12. What is the greatest common factor of 12 and m?
3
Suppose -g = 5*a - 577 - 259, -g = -5*a - 856. Let w = -379 + 397. What is the highest common factor of g and w?
18
Let n be (-10 - 2 - -8) + -5. Let v be (-9)/(-81) + (-206)/n. What is the highest common divisor of 1541 and v?
23
Suppose 0 = -1845*m + 1828*m + 1785. Calculate the greatest common divisor of m and 150.
15
Suppose -52*o + 201066 = 41*o. Calculate the greatest common factor of o and 46.
46
Let u(r) = 2*r + 28. Let i be u(-18). Let o be 136/6*(-12)/i. Let h be (-22572)/(-323) + 4/o. What is the highest common divisor of h and 40?
10
Let o = -3519 - -2347. Let l be (6/2)/9 - o/12. Calculate the greatest common factor of 28 and l.
14
Let p(q) = -q**3 - 10*q**2 - 28*q - 30. Let n = 14 + -22. Let g be p(n). What is the greatest common factor of g and 24?
6
Suppose -729*m = -593*m - 16728. What is the greatest common divisor of 393 and m?
3
Let i(o) = -24*o + 45. Let x be i(-16). What is the greatest common divisor of x and 363?
33
Let x = 6468 + -6458. Calculate the greatest common divisor of 2 and x.
2
Let j = -500 + 476. Let a be 39 - (j/2)/(-2). Let l be 0 - (-3)/(3 - 2). Calculate the highest common factor of a and l.
3
Suppose -673*m + 677*m + 24129 = 5*w, w = m + 4825. Calculate the highest common divisor of 11 and w.
11
Suppose -5*t = 2*k - 1072, -2*t + 1151*k - 1149*k = -440. Calculate the greatest common divisor of 4248 and t.
72
Let i = -5164 + 5280. Calculate the highest common divisor of i and 4.
4
Let l = 2732 - 2718. Let h be 2/2 - (-9 + 3). Calculate the greatest common factor of l and h.
7
Suppose 0 = -77*k + 68*k + 5544. Calculate the greatest common divisor of k and 2072.
56
Suppose 0 = 14*d + 6 - 6. Suppose f + 1 = d, 0 = 4*x + f - 178 - 213. What is the highest common divisor of 42 and x?
14
Let z(p) = -22*p - 168. Let b be z(-12). Let a be 6840/b*8/6. What is the greatest common factor of 5 and a?
5
Let v(g) = 13*g + 1. Let i(y) = 9*y - 7*y**2 + 1 + 8*y**2 - 3 + 11. Let j be i(-8). Let b be v(j). Calculate the highest common divisor of 2 and b.
2
Let t = -808 + 812. Suppose 5*z + 15 = 0, 0 = -4*j - 4*z + 5*z + 91. Calculate the greatest common factor of j and t.
2
Suppose -3*f = -4*f + 93. Let q = 299 - f. Let r = q + -24. Calculate the highest common factor of r and 26.
26
Let f(h) = 92*h + 905. Let c be f(26). Calculate the highest common divisor of 42 and c.
21
Suppose 174 = 4*p + 2*y, y + 221 = 4*p + 44. Calculate the greatest common divisor of 24464 and p.
44
Suppose 150 = 2*x - 4*k - 588, 2*k = -2*x + 702. What is the highest common factor of x and 84?
21
Let o = 1 - 4. Let b be (-3)/(o + 52/18). What is the highest common divisor of b and 135?
27
Let b = 4274 + -4014. What is the highest common divisor of 50 and b?
10
Let d be 72/(-16) + 4 - (-94)/4. Calculate the greatest common factor of 7153 and d.
23
Suppose 4*a - 32 = -4*h, 0*a - a + 20 = 4*h. Suppose 807 + 1533 = -6*g. Let u = g + 402. Calculate the highest common factor of u and h.
4
Let f = 15202 - 14632. Calculate the highest common factor of f and 171.
57
Suppose 6174 = 3*f + 21*d, 5*f + 25*d - 10066 = 22*d. What is the highest common divisor of f and 902?
41
Suppose -4*y + 4*b = -220, 0 = -2*y + 5*b + 53 + 72. Let m = 4287 - 4277. Calculate the highest common divisor of y and m.
10
Suppose 2*w - 60 = 5*j, 0 = 3*w - 6*w - 3*j + 90. Let x(r) be the first derivative of 10*r**2 + 2. Let f be x(1). What is the highest common divisor of w and f?
10
Let f(x) = 2*x**2 - 20*x + 96. Suppose 2*w = -4*b, -18 = -5*w - 6*b + 5*b. Let n be f(w). What is the greatest common divisor of n and 624?
48
Suppose 8*x = 6*x - 3*z + 420, 5*z + 420 = 2*x. Let j be ((-108)/5)/(7/(x/(-9))). What is the highest common factor of 72 and j?
72
Suppose 3*l + 5*w - 2662 = -2538, 2*w - 142 = -4*l. What is the highest common divisor of 847 and l?
11
Let i(w) = -16*w + 97. Let o be i(-26). Let f be ((-19)/(o/(-18)))/((-2)/(-6)). What is the highest common divisor of f and 11?
1
Let a(r) = -340*r + 678*r + 10 - 337*r. Let j be a(7). Suppose 2*w - 4 = -2*w. What is the highest common divisor of w and j?
1
Let t be (-130)/(-6) + 1/3. Suppose 21 = 2*q + s, -5*s - t = -q + 5. Calculate the highest common factor of 9 and q.
3
Let s(n) = 15*n**3 + 94*n**2 + 9*n - 20. Let y be s(-6). What is the highest common factor of y and 1855?
35
Let p = 7205 - 7088. What is the greatest common divisor of 2301 and p?
39
Suppose -2*i - 7716 = -87*i + 4184. Calculate the greatest common factor of i and 980.
140
Suppose 6*a = -1395 + 3843. Suppose -5*f - a = 32. Let n = 122 + f. What is the greates